{"id":1261,"date":"2015-02-25T08:18:53","date_gmt":"2015-02-25T08:18:53","guid":{"rendered":"http:\/\/www.allgeier.com\/de\/?page_id=1261"},"modified":"2025-02-05T18:25:15","modified_gmt":"2025-02-05T18:25:15","slug":"pr-25022015","status":"publish","type":"page","link":"https:\/\/www.allgeier.com\/de\/pressroom\/press-releases\/pr-25022015\/","title":{"rendered":"25022015"},"content":{"rendered":"<p><em>Innsbruck, 25. Februar 2015 &#8211; <\/em><b>Die Firma Darbo AG mit Firmensitz in Stans in Tirol steuert seit 2004 s\u00e4mtliche Gesch\u00e4ftsprozesse mit Infor M3, der ERP Branchenl\u00f6sung f\u00fcr Nahrungsmittelunternehmen. Der Marktf\u00fchrer unter den \u00f6sterreichischen Konfit\u00fcrenherstellern verfolgt auch weiterhin seine auf Infor M3 basierende Softwarestrategie und f\u00fchrt derzeit einen Releasewechsel auf die aktuellste Version durch. Neben den umfangreichen branchenspezifischen Funktionalit\u00e4ten, von denen Darbo heute schon profitiert, wird das Upgrade dem Tiroler Traditionsunternehmen vor allem einen gro\u00dfen technologischen Nutzen bringen.<\/b><\/p>\n<p>Die neue Oberfl\u00e4che von Infor M3 wird die Art und Weise, wie die Mitarbeiter bei Darbo k\u00fcnftig zusammenarbeiten, wesentlich ver\u00e4ndern und zu einer besseren und effizienteren Arbeitsweise f\u00fchren. Die neue Generation von User-Interfaces von Infor erm\u00f6glicht eine plattform- und standortunabh\u00e4ngige Zusammenarbeit. Mit Infor Smart Office im Desktopbereich und dem H5-Client f\u00fcr den mobilen Bereich kombiniert Infor Suchmaschinen-, Office- und Analysetools mit Kollaborations- und Workflowsteuerung auf einer Benutzeroberfl\u00e4che. Somit stehen den Mitarbeitern von Darbo k\u00fcnftig alle Informationen aus dem ERP System zur Verf\u00fcgung, um produktiv und erfolgreich arbeiten zu k\u00f6nnen.<\/p>\n<p>Mit der aktuellsten Version von Infor M3 bringt das Systemhaus terna, der langj\u00e4hriger Partner von Darbo, die Softwarelandschaft des Konfit\u00fcrenherstellers auf den technologisch neuesten Stand. Der Releasewechsel wird bis Mai diesen Jahres realisiert und kann ohne Beeintr\u00e4chtigung des Tagesgesch\u00e4ftes schnell und einfach durchgef\u00fchrt werden.<\/p>\n<p><b>Infor M3 perfekt f\u00fcr Nahrungsmittelunternehmen<\/b><\/p>\n<p>Die l\u00fcckenlose Chargenverfolgung, integrierte Qualit\u00e4tssicherung, mobile Logistik und eine perfekte Integration in das Hochregalverwaltungssystem kennzeichnen die Implementierung der ma\u00dfgeschneiderten ERP L\u00f6sung beim Marktf\u00fchrer unter den \u00f6sterreichischen Konfit\u00fcrenherstellern. Heute nutzen bei Darbo 70 Mitarbeiter an 2 Produktionsstandorten Infor M3 und profitieren von der deutlich einfacheren Handhabung und den zahlreichen neuen Funktionen. Vor allem R\u00fcckverfolgbarkeit und Verwendungsnachweise s\u00e4mtlicher Rohstoffe k\u00f6nnen optimal sichergestellt werden \u2013 ein entscheidender Vorteil, da bei Darbo riesige Mengen an Rohstoffen und Verpackungsmaterialien verarbeitet werden, was wiederum enorme Datenmengen und Verkn\u00fcpfungsm\u00f6glichkeiten mit sich bringt. Mit der Chargenverfolgung wurde bei Darbo zudem das Identit\u00e4tspreisprinzip eingef\u00fchrt. Mit Hilfe von Infor M3 k\u00f6nnen nun Fertigwaren zu den tats\u00e4chlichen Preisen der enthaltenen Ausgangsrohstoffe kalkuliert werden, was die Erfolgsrechnung bei dem Lebensmittelhersteller erheblich transparenter macht und dem Management gezielte Eingriffsm\u00f6glichkeiten bietet.<\/p>\n<p><b>Mobile Logistikl\u00f6sung und EDI<\/b><\/p>\n<p>Im Bereich Logistik und Produktion werden die Gesch\u00e4ftsprozesse mit der mobilen Logistikanwendung ENGAGE mobile logistics von terna abgewickelt. Der Konfit\u00fcrenhersteller ist mit dieser Anwendung in der Lage, Daten so zu strukturieren, dass er s\u00e4mtliche Anforderungen seiner Kunden an die Informationslogistik erf\u00fcllen kann. Auch f\u00fcr zuk\u00fcnftige Anforderungen ist Darbo mit dieser Technologie bestens ger\u00fcstet. Der Belegaustausch mit den wichtigsten Kunden erfolgt bei Darbo mit einem hohen Automatisierungsgrad per EDI.<\/p>\n<p><b>A. Darbo AG<\/b><\/p>\n<p>Darbo ist ein f\u00fchrendes Lebensmittelunternehmen in \u00d6sterreich und eine der bekanntesten Marken im \u00f6sterreichischen Lebensmittelhandel. Die Marke Darbo ist heute die beliebteste Konfit\u00fcrenmarke \u00d6sterreichs und kann dabei als klarer Marktf\u00fchrer einen Marktanteil von 58,3% vorweisen. Durch die starke Exportorientierung gelang es Darbo, einen beachtlichen Exportanteil von 50 % im Jahr 2014 am Gesamtumsatz zu erreichen. Darbo ist dabei vor allem Anbieter von Konfit\u00fcren, Honig, Sirupen und Lieferant der internationalen Spitzengastronomie. Darbo erwirtschaftet mit \u00fcber 320 Mitarbeitern einen Umsatz von \u20ac 123,5 Mio. Euro (2014).<\/p>\n<p><a href=\"http:\/\/www.darbo.com\/\"><b>www.darbo.com<\/b><\/a><br \/>\n<b>terna GmbH &#8211; Zentrum f\u00fcr Business Software<\/b><\/p>\n<p>terna bietet Full-Service rund um die Themenbereiche Business Software und Gesch\u00e4ftsprozess-Management im gehobenen Mittelstand. Das Unternehmen mit Hauptsitz in Innsbruck besch\u00e4ftigt rund 220 Mitarbeiter an insgesamt 9 Standorten in \u00d6sterreich, Deutschland und in der Schweiz. Zu den Kernkompetenzen z\u00e4hlen die Analyse und Optimierung von Gesch\u00e4ftsprozessen, die optimale Auswahl und Anpassung von Business Software sowie die Implementierung von international f\u00fchrenden ERP-, BI- und CRM-L\u00f6sungen. Mit zahlreichen Branchenl\u00f6sungen bietet terna unterschiedlichsten Unternehmen individuelle und speziell auf ihre Anforderungen angepasste Unternehmenssoftware. Die terna Gruppe betreut aktuell 260 erfolgreiche, meist international agierende Produktions-, Dienstleistungs- und Gro\u00dfhandelsunternehmen.<\/p>\n<p><b><a href=\"http:\/\/www.terna.com\/\">www.terna.com<\/a><\/b><\/p>\n","protected":false},"excerpt":{"rendered":"<p>Innsbruck, 25. Februar 2015 &#8211; Die Firma Darbo AG mit Firmensitz in Stans in Tirol steuert seit 2004 s\u00e4mtliche Gesch\u00e4ftsprozesse mit Infor M3, der ERP Branchenl\u00f6sung f\u00fcr Nahrungsmittelunternehmen. Der Marktf\u00fchrer unter den \u00f6sterreichischen Konfit\u00fcrenherstellern verfolgt auch weiterhin seine auf Infor M3 basierende Softwarestrategie und f\u00fchrt derzeit einen Releasewechsel auf die aktuellste Version durch. Neben den &hellip; <\/p>\n","protected":false},"author":1,"featured_media":0,"parent":1169,"menu_order":0,"comment_status":"open","ping_status":"open","template":"","meta":{"_acf_changed":false,"footnotes":""},"categories":[7],"tags":[],"class_list":["post-1261","page","type-page","status-publish","hentry","category-pressemitteilungen"],"acf":[],"yoast_head":"<!-- This site is optimized with the Yoast SEO plugin v27.4 - https:\/\/yoast.com\/product\/yoast-seo-wordpress\/ -->\n<title>25022015 - Allgeier SE<\/title>\n<meta name=\"robots\" content=\"index, follow, max-snippet:-1, max-image-preview:large, max-video-preview:-1\" \/>\n<link rel=\"canonical\" href=\"https:\/\/www.allgeier.com\/de\/pressroom\/press-releases\/pr-25022015\/\" \/>\n<meta property=\"og:locale\" content=\"de_DE\" \/>\n<meta property=\"og:type\" content=\"article\" \/>\n<meta property=\"og:title\" content=\"25022015 - Allgeier SE\" \/>\n<meta property=\"og:description\" content=\"Innsbruck, 25. Februar 2015 &#8211; Die Firma Darbo AG mit Firmensitz in Stans in Tirol steuert seit 2004 s\u00e4mtliche Gesch\u00e4ftsprozesse mit Infor M3, der ERP Branchenl\u00f6sung f\u00fcr Nahrungsmittelunternehmen. Der Marktf\u00fchrer unter den \u00f6sterreichischen Konfit\u00fcrenherstellern verfolgt auch weiterhin seine auf Infor M3 basierende Softwarestrategie und f\u00fchrt derzeit einen Releasewechsel auf die aktuellste Version durch. Neben den &hellip;\" \/>\n<meta property=\"og:url\" content=\"https:\/\/www.allgeier.com\/de\/pressroom\/press-releases\/pr-25022015\/\" \/>\n<meta property=\"og:site_name\" content=\"Allgeier SE\" \/>\n<meta property=\"article:modified_time\" content=\"2025-02-05T18:25:15+00:00\" \/>\n<meta name=\"twitter:card\" content=\"summary_large_image\" \/>\n<meta name=\"twitter:label1\" content=\"Gesch\u00e4tzte Lesezeit\" \/>\n\t<meta name=\"twitter:data1\" content=\"4\u00a0Minuten\" \/>\n<script type=\"application\/ld+json\" class=\"yoast-schema-graph\">{\"@context\":\"https:\\\/\\\/schema.org\",\"@graph\":[{\"@type\":\"WebPage\",\"@id\":\"https:\\\/\\\/www.allgeier.com\\\/de\\\/pressroom\\\/press-releases\\\/pr-25022015\\\/\",\"url\":\"https:\\\/\\\/www.allgeier.com\\\/de\\\/pressroom\\\/press-releases\\\/pr-25022015\\\/\",\"name\":\"25022015 - Allgeier SE\",\"isPartOf\":{\"@id\":\"https:\\\/\\\/www.allgeier.com\\\/de\\\/#website\"},\"datePublished\":\"2015-02-25T08:18:53+00:00\",\"dateModified\":\"2025-02-05T18:25:15+00:00\",\"breadcrumb\":{\"@id\":\"https:\\\/\\\/www.allgeier.com\\\/de\\\/pressroom\\\/press-releases\\\/pr-25022015\\\/#breadcrumb\"},\"inLanguage\":\"de\",\"potentialAction\":[{\"@type\":\"ReadAction\",\"target\":[\"https:\\\/\\\/www.allgeier.com\\\/de\\\/pressroom\\\/press-releases\\\/pr-25022015\\\/\"]}]},{\"@type\":\"BreadcrumbList\",\"@id\":\"https:\\\/\\\/www.allgeier.com\\\/de\\\/pressroom\\\/press-releases\\\/pr-25022015\\\/#breadcrumb\",\"itemListElement\":[{\"@type\":\"ListItem\",\"position\":1,\"name\":\"Home\",\"item\":\"https:\\\/\\\/www.allgeier.com\\\/de\\\/\"},{\"@type\":\"ListItem\",\"position\":2,\"name\":\"Presse\",\"item\":\"https:\\\/\\\/www.allgeier.com\\\/de\\\/pressroom\\\/\"},{\"@type\":\"ListItem\",\"position\":3,\"name\":\"Pressemitteilungen\",\"item\":\"https:\\\/\\\/www.allgeier.com\\\/de\\\/pressroom\\\/press-releases\\\/\"},{\"@type\":\"ListItem\",\"position\":4,\"name\":\"25022015\"}]},{\"@type\":\"WebSite\",\"@id\":\"https:\\\/\\\/www.allgeier.com\\\/de\\\/#website\",\"url\":\"https:\\\/\\\/www.allgeier.com\\\/de\\\/\",\"name\":\"Allgeier SE\",\"description\":\"Software &amp; IT Services for digital transformation\",\"potentialAction\":[{\"@type\":\"SearchAction\",\"target\":{\"@type\":\"EntryPoint\",\"urlTemplate\":\"https:\\\/\\\/www.allgeier.com\\\/de\\\/?s={search_term_string}\"},\"query-input\":{\"@type\":\"PropertyValueSpecification\",\"valueRequired\":true,\"valueName\":\"search_term_string\"}}],\"inLanguage\":\"de\"}]}<\/script>\n<!-- \/ Yoast SEO plugin. -->","yoast_head_json":{"title":"25022015 - Allgeier SE","robots":{"index":"index","follow":"follow","max-snippet":"max-snippet:-1","max-image-preview":"max-image-preview:large","max-video-preview":"max-video-preview:-1"},"canonical":"https:\/\/www.allgeier.com\/de\/pressroom\/press-releases\/pr-25022015\/","og_locale":"de_DE","og_type":"article","og_title":"25022015 - Allgeier SE","og_description":"Innsbruck, 25. Februar 2015 &#8211; Die Firma Darbo AG mit Firmensitz in Stans in Tirol steuert seit 2004 s\u00e4mtliche Gesch\u00e4ftsprozesse mit Infor M3, der ERP Branchenl\u00f6sung f\u00fcr Nahrungsmittelunternehmen. Der Marktf\u00fchrer unter den \u00f6sterreichischen Konfit\u00fcrenherstellern verfolgt auch weiterhin seine auf Infor M3 basierende Softwarestrategie und f\u00fchrt derzeit einen Releasewechsel auf die aktuellste Version durch. Neben den &hellip;","og_url":"https:\/\/www.allgeier.com\/de\/pressroom\/press-releases\/pr-25022015\/","og_site_name":"Allgeier SE","article_modified_time":"2025-02-05T18:25:15+00:00","twitter_card":"summary_large_image","twitter_misc":{"Gesch\u00e4tzte Lesezeit":"4\u00a0Minuten"},"schema":{"@context":"https:\/\/schema.org","@graph":[{"@type":"WebPage","@id":"https:\/\/www.allgeier.com\/de\/pressroom\/press-releases\/pr-25022015\/","url":"https:\/\/www.allgeier.com\/de\/pressroom\/press-releases\/pr-25022015\/","name":"25022015 - Allgeier SE","isPartOf":{"@id":"https:\/\/www.allgeier.com\/de\/#website"},"datePublished":"2015-02-25T08:18:53+00:00","dateModified":"2025-02-05T18:25:15+00:00","breadcrumb":{"@id":"https:\/\/www.allgeier.com\/de\/pressroom\/press-releases\/pr-25022015\/#breadcrumb"},"inLanguage":"de","potentialAction":[{"@type":"ReadAction","target":["https:\/\/www.allgeier.com\/de\/pressroom\/press-releases\/pr-25022015\/"]}]},{"@type":"BreadcrumbList","@id":"https:\/\/www.allgeier.com\/de\/pressroom\/press-releases\/pr-25022015\/#breadcrumb","itemListElement":[{"@type":"ListItem","position":1,"name":"Home","item":"https:\/\/www.allgeier.com\/de\/"},{"@type":"ListItem","position":2,"name":"Presse","item":"https:\/\/www.allgeier.com\/de\/pressroom\/"},{"@type":"ListItem","position":3,"name":"Pressemitteilungen","item":"https:\/\/www.allgeier.com\/de\/pressroom\/press-releases\/"},{"@type":"ListItem","position":4,"name":"25022015"}]},{"@type":"WebSite","@id":"https:\/\/www.allgeier.com\/de\/#website","url":"https:\/\/www.allgeier.com\/de\/","name":"Allgeier SE","description":"Software &amp; IT Services for digital transformation","potentialAction":[{"@type":"SearchAction","target":{"@type":"EntryPoint","urlTemplate":"https:\/\/www.allgeier.com\/de\/?s={search_term_string}"},"query-input":{"@type":"PropertyValueSpecification","valueRequired":true,"valueName":"search_term_string"}}],"inLanguage":"de"}]}},"_links":{"self":[{"href":"https:\/\/www.allgeier.com\/de\/wp-json\/wp\/v2\/pages\/1261","targetHints":{"allow":["GET"]}}],"collection":[{"href":"https:\/\/www.allgeier.com\/de\/wp-json\/wp\/v2\/pages"}],"about":[{"href":"https:\/\/www.allgeier.com\/de\/wp-json\/wp\/v2\/types\/page"}],"author":[{"embeddable":true,"href":"https:\/\/www.allgeier.com\/de\/wp-json\/wp\/v2\/users\/1"}],"replies":[{"embeddable":true,"href":"https:\/\/www.allgeier.com\/de\/wp-json\/wp\/v2\/comments?post=1261"}],"version-history":[{"count":1,"href":"https:\/\/www.allgeier.com\/de\/wp-json\/wp\/v2\/pages\/1261\/revisions"}],"predecessor-version":[{"id":1262,"href":"https:\/\/www.allgeier.com\/de\/wp-json\/wp\/v2\/pages\/1261\/revisions\/1262"}],"up":[{"embeddable":true,"href":"https:\/\/www.allgeier.com\/de\/wp-json\/wp\/v2\/pages\/1169"}],"wp:attachment":[{"href":"https:\/\/www.allgeier.com\/de\/wp-json\/wp\/v2\/media?parent=1261"}],"wp:term":[{"taxonomy":"category","embeddable":true,"href":"https:\/\/www.allgeier.com\/de\/wp-json\/wp\/v2\/categories?post=1261"},{"taxonomy":"post_tag","embeddable":true,"href":"https:\/\/www.allgeier.com\/de\/wp-json\/wp\/v2\/tags?post=1261"}],"curies":[{"name":"wp","href":"https:\/\/api.w.org\/{rel}","templated":true}]}}

<p><em>Innsbruck, 25. Februar 2015 &#8211; </em><b>Die Firma Darbo AG mit Firmensitz in Stans in Tirol steuert seit 2004 sämtliche Geschäftsprozesse mit Infor M3, der ERP Branchenlösung für Nahrungsmittelunternehmen. Der Marktführer unter den österreichischen Konfitürenherstellern verfolgt auch weiterhin seine auf Infor M3 basierende Softwarestrategie und führt derzeit einen Releasewechsel auf die aktuellste Version durch. Neben den umfangreichen branchenspezifischen Funktionalitäten, von denen Darbo heute schon profitiert, wird das Upgrade dem Tiroler Traditionsunternehmen vor allem einen großen technologischen Nutzen bringen.</b></p>
<p>Die neue Oberfläche von Infor M3 wird die Art und Weise, wie die Mitarbeiter bei Darbo künftig zusammenarbeiten, wesentlich verändern und zu einer besseren und effizienteren Arbeitsweise führen. Die neue Generation von User-Interfaces von Infor ermöglicht eine plattform- und standortunabhängige Zusammenarbeit. Mit Infor Smart Office im Desktopbereich und dem H5-Client für den mobilen Bereich kombiniert Infor Suchmaschinen-, Office- und Analysetools mit Kollaborations- und Workflowsteuerung auf einer Benutzeroberfläche. Somit stehen den Mitarbeitern von Darbo künftig alle Informationen aus dem ERP System zur Verfügung, um produktiv und erfolgreich arbeiten zu können.</p>
<p>Mit der aktuellsten Version von Infor M3 bringt das Systemhaus terna, der langjähriger Partner von Darbo, die Softwarelandschaft des Konfitürenherstellers auf den technologisch neuesten Stand. Der Releasewechsel wird bis Mai diesen Jahres realisiert und kann ohne Beeinträchtigung des Tagesgeschäftes schnell und einfach durchgeführt werden.</p>
<p><b>Infor M3 perfekt für Nahrungsmittelunternehmen</b></p>
<p>Die lückenlose Chargenverfolgung, integrierte Qualitätssicherung, mobile Logistik und eine perfekte Integration in das Hochregalverwaltungssystem kennzeichnen die Implementierung der maßgeschneiderten ERP Lösung beim Marktführer unter den österreichischen Konfitürenherstellern. Heute nutzen bei Darbo 70 Mitarbeiter an 2 Produktionsstandorten Infor M3 und profitieren von der deutlich einfacheren Handhabung und den zahlreichen neuen Funktionen. Vor allem Rückverfolgbarkeit und Verwendungsnachweise sämtlicher Rohstoffe können optimal sichergestellt werden – ein entscheidender Vorteil, da bei Darbo riesige Mengen an Rohstoffen und Verpackungsmaterialien verarbeitet werden, was wiederum enorme Datenmengen und Verknüpfungsmöglichkeiten mit sich bringt. Mit der Chargenverfolgung wurde bei Darbo zudem das Identitätspreisprinzip eingeführt. Mit Hilfe von Infor M3 können nun Fertigwaren zu den tatsächlichen Preisen der enthaltenen Ausgangsrohstoffe kalkuliert werden, was die Erfolgsrechnung bei dem Lebensmittelhersteller erheblich transparenter macht und dem Management gezielte Eingriffsmöglichkeiten bietet.</p>
<p><b>Mobile Logistiklösung und EDI</b></p>
<p>Im Bereich Logistik und Produktion werden die Geschäftsprozesse mit der mobilen Logistikanwendung ENGAGE mobile logistics von terna abgewickelt. Der Konfitürenhersteller ist mit dieser Anwendung in der Lage, Daten so zu strukturieren, dass er sämtliche Anforderungen seiner Kunden an die Informationslogistik erfüllen kann. Auch für zukünftige Anforderungen ist Darbo mit dieser Technologie bestens gerüstet. Der Belegaustausch mit den wichtigsten Kunden erfolgt bei Darbo mit einem hohen Automatisierungsgrad per EDI.</p>
<p><b>A. Darbo AG</b></p>
<p>Darbo ist ein führendes Lebensmittelunternehmen in Österreich und eine der bekanntesten Marken im österreichischen Lebensmittelhandel. Die Marke Darbo ist heute die beliebteste Konfitürenmarke Österreichs und kann dabei als klarer Marktführer einen Marktanteil von 58,3% vorweisen. Durch die starke Exportorientierung gelang es Darbo, einen beachtlichen Exportanteil von 50 % im Jahr 2014 am Gesamtumsatz zu erreichen. Darbo ist dabei vor allem Anbieter von Konfitüren, Honig, Sirupen und Lieferant der internationalen Spitzengastronomie. Darbo erwirtschaftet mit über 320 Mitarbeitern einen Umsatz von € 123,5 Mio. Euro (2014).</p>
<p><a href="http://www.darbo.com/"><b>www.darbo.com</b></a><br />
<b>terna GmbH &#8211; Zentrum für Business Software</b></p>
<p>terna bietet Full-Service rund um die Themenbereiche Business Software und Geschäftsprozess-Management im gehobenen Mittelstand. Das Unternehmen mit Hauptsitz in Innsbruck beschäftigt rund 220 Mitarbeiter an insgesamt 9 Standorten in Österreich, Deutschland und in der Schweiz. Zu den Kernkompetenzen zählen die Analyse und Optimierung von Geschäftsprozessen, die optimale Auswahl und Anpassung von Business Software sowie die Implementierung von international führenden ERP-, BI- und CRM-Lösungen. Mit zahlreichen Branchenlösungen bietet terna unterschiedlichsten Unternehmen individuelle und speziell auf ihre Anforderungen angepasste Unternehmenssoftware. Die terna Gruppe betreut aktuell 260 erfolgreiche, meist international agierende Produktions-, Dienstleistungs- und Großhandelsunternehmen.</p>
<p><b><a href="http://www.terna.com/">www.terna.com</a></b></p>

<p>Innsbruck, 25. Februar 2015 &#8211; Die Firma Darbo AG mit Firmensitz in Stans in Tirol steuert seit 2004 sämtliche Geschäftsprozesse mit Infor M3, der ERP Branchenlösung für Nahrungsmittelunternehmen. Der Marktführer unter den österreichischen Konfitürenherstellern verfolgt auch weiterhin seine auf Infor M3 basierende Softwarestrategie und führt derzeit einen Releasewechsel auf die aktuellste Version durch. Neben den &hellip; </p>

<!-- This site is optimized with the Yoast SEO plugin v27.4 - https://yoast.com/product/yoast-seo-wordpress/ -->
<title>25022015 - Allgeier SE</title>
<meta name="robots" content="index, follow, max-snippet:-1, max-image-preview:large, max-video-preview:-1" />
<link rel="canonical" href="https://www.allgeier.com/de/pressroom/press-releases/pr-25022015/" />
<meta property="og:locale" content="de_DE" />
<meta property="og:type" content="article" />
<meta property="og:title" content="25022015 - Allgeier SE" />
<meta property="og:description" content="Innsbruck, 25. Februar 2015 &#8211; Die Firma Darbo AG mit Firmensitz in Stans in Tirol steuert seit 2004 sämtliche Geschäftsprozesse mit Infor M3, der ERP Branchenlösung für Nahrungsmittelunternehmen. Der Marktführer unter den österreichischen Konfitürenherstellern verfolgt auch weiterhin seine auf Infor M3 basierende Softwarestrategie und führt derzeit einen Releasewechsel auf die aktuellste Version durch. Neben den &hellip;" />
<meta property="og:url" content="https://www.allgeier.com/de/pressroom/press-releases/pr-25022015/" />
<meta property="og:site_name" content="Allgeier SE" />
<meta property="article:modified_time" content="2025-02-05T18:25:15+00:00" />
<meta name="twitter:card" content="summary_large_image" />
<meta name="twitter:label1" content="Geschätzte Lesezeit" />
	<meta name="twitter:data1" content="4 Minuten" />
<script type="application/ld+json" class="yoast-schema-graph">{"@context":"https:\/\/schema.org","@graph":[{"@type":"WebPage","@id":"https:\/\/www.allgeier.com\/de\/pressroom\/press-releases\/pr-25022015\/","url":"https:\/\/www.allgeier.com\/de\/pressroom\/press-releases\/pr-25022015\/","name":"25022015 - Allgeier SE","isPartOf":{"@id":"https:\/\/www.allgeier.com\/de\/#website"},"datePublished":"2015-02-25T08:18:53+00:00","dateModified":"2025-02-05T18:25:15+00:00","breadcrumb":{"@id":"https:\/\/www.allgeier.com\/de\/pressroom\/press-releases\/pr-25022015\/#breadcrumb"},"inLanguage":"de","potentialAction":[{"@type":"ReadAction","target":["https:\/\/www.allgeier.com\/de\/pressroom\/press-releases\/pr-25022015\/"]}]},{"@type":"BreadcrumbList","@id":"https:\/\/www.allgeier.com\/de\/pressroom\/press-releases\/pr-25022015\/#breadcrumb","itemListElement":[{"@type":"ListItem","position":1,"name":"Home","item":"https:\/\/www.allgeier.com\/de\/"},{"@type":"ListItem","position":2,"name":"Presse","item":"https:\/\/www.allgeier.com\/de\/pressroom\/"},{"@type":"ListItem","position":3,"name":"Pressemitteilungen","item":"https:\/\/www.allgeier.com\/de\/pressroom\/press-releases\/"},{"@type":"ListItem","position":4,"name":"25022015"}]},{"@type":"WebSite","@id":"https:\/\/www.allgeier.com\/de\/#website","url":"https:\/\/www.allgeier.com\/de\/","name":"Allgeier SE","description":"Software &amp; IT Services for digital transformation","potentialAction":[{"@type":"SearchAction","target":{"@type":"EntryPoint","urlTemplate":"https:\/\/www.allgeier.com\/de\/?s={search_term_string}"},"query-input":{"@type":"PropertyValueSpecification","valueRequired":true,"valueName":"search_term_string"}}],"inLanguage":"de"}]}</script>
<!-- / Yoast SEO plugin. -->

Innsbruck, 25. Februar 2015 &#8211; Die Firma Darbo AG mit Firmensitz in Stans in Tirol steuert seit 2004 sämtliche Geschäftsprozesse mit Infor M3, der ERP Branchenlösung für Nahrungsmittelunternehmen. Der Marktführer unter den österreichischen Konfitürenherstellern verfolgt auch weiterhin seine auf Infor M3 basierende Softwarestrategie und führt derzeit einen Releasewechsel auf die aktuellste Version durch. Neben den &hellip;
