{"id":4037,"date":"2005-08-05T09:56:22","date_gmt":"2005-08-05T09:56:22","guid":{"rendered":"https:\/\/www.allgeier.com\/de\/?page_id=4037"},"modified":"2025-02-05T18:36:54","modified_gmt":"2025-02-05T18:36:54","slug":"vollzug-der-kapitalerhoehung-aus-gesellschaftsmitteln","status":"publish","type":"page","link":"https:\/\/www.allgeier.com\/de\/pressroom\/press-releases\/vollzug-der-kapitalerhoehung-aus-gesellschaftsmitteln\/","title":{"rendered":"Vollzug der Kapitalerh\u00f6hung aus Gesellschaftsmitteln"},"content":{"rendered":"<p><b>Allgeier Holding AG \/ Kapitalerh\u00f6hung<\/b>Corporate-Mitteilung \u00fcbermittelt durch die EquityStory AG.F\u00fcr den Inhalt der Mitteilung ist der Emittent verantwortlich.&#8212;&#8212;&#8212;&#8212;&#8212;&#8212;&#8212;&#8212;&#8212;&#8212;&#8212;&#8212;&#8212;&#8212;&#8212;&#8212;&#8212;&#8212;&#8212;&#8212;&#8212;&#8212;&#8212;&#8212;&#8212;05.08.2005Vollzug der Kapitalerh\u00f6hung aus Gesellschaftsmitteln und Zuteilung vonBerichtigungsaktienDie Allgeier Holding AG teilt mit, dass die auf der Hauptversammlung am21.06.2005 u.a. beschlossene Erh\u00f6hung des Grundkapitals der Gesellschaftaus Gesellschaftsmitteln von EUR 3.299.000,00 um EUR 824.750,00 auf EUR4.123.750,00  nach den Vorschriften der \u00a7\u00a7 207 ff AktG heute erfolgt ist.Die Kapitalerh\u00f6hung erfolgte gegen Ausgabe von St\u00fcck 824.750 neuen, auf denInhaber lautenden St\u00fcckaktien, die an die Aktion\u00e4re der Allgeier Holding AGim Verh\u00e4ltnis 4 : 1 ausgegeben wurden. Die neuen St\u00fcckaktien nehmenerstmals am Gewinn des Gesch\u00e4ftsjahres 2005 teil. Die entsprechendenSatzungs\u00e4nderungen sind am 13. Juli 2005 in das Handelsregister desAmtsgerichts M\u00fcnchen eingetragen worden.Den Aktion\u00e4ren der Gesellschaft stehen aufgrund ihres bisherigenAktienbesitzes im Verh\u00e4ltnis 4 : 1 Berichtigungsaktien zu, so dass auf jevier (4) alte St\u00fcckaktien eine neue St\u00fcckaktie entf\u00e4llt. Soweit aufgrunddes Zuteilungsverh\u00e4ltnisses von 4 : 1 auf den Aktienbestand Teilrechteentfallen, werden die Aktion\u00e4re gebeten, ihrer Depotbank wegen der Auf-oder Abrundung auf volle Aktienrechte einen entsprechenden Auftrag zuerteilen. Die Abwicklungsstelle ist bereit, den An- und Verkauf vonTeilrechten nach M\u00f6glichkeit zu vermitteln.Da s\u00e4mtliche Aktien der Allgeier Holding AG in Girosammeldepots verwahrtwerden, brauchen die Aktion\u00e4re \u2013 abgesehen von einer eventuellenRegulierung der Spitzenbetr\u00e4ge \u2013 hinsichtlich der Zuteilung derBerichtigungsaktien nichts zu veranlassen. Die Zuteilung derBerichtigungsaktien erfolgte f\u00fcr die berechtigten Aktion\u00e4re aufgrund ihrerBest\u00e4nde an alten St\u00fcckaktien nach dem Stand vom 04.08.2005, nachB\u00f6rsenschluss, mittels Depotgutschrift. Die Abwicklung der vorgenanntenMa\u00dfnahmen ist bei der Bankhaus Gebr\u00fcder Martin AG zentralisiert.Die neuen St\u00fcckaktien erhalten die gleiche ISIN\/ WKN wie die altenSt\u00fcckaktien (DE0005086300 \/ 508630). Sie sind in einer Globalurkundeverbrieft, die bei der Clearstream Banking AG, Frankfurt am Main,hinterlegt ist. Der Anspruch der Aktion\u00e4re auf Verbriefung ihrer Anteilesowie etwaiger Gewinnanteile ist laut Satzung ausgeschlossen.Die kraft Gesetzes zum geregelten Markt an der Frankfurter Wertpapierb\u00f6rsezugelassenen Berichtigungsaktien werden ab dem 05.08.2005 in die Notierungder alten St\u00fcckaktien einbezogen. Vom gleichen Tag an versteht sich dieNotierung der St\u00fcckaktien der Allgeier Holding AG &#8218;ex Berichtigungsaktien\u201c.Etwaige Geb\u00fchrenerstattungen von Seiten des Emittenten sind nichtvorgesehen.M\u00fcnchenDer Vorstand  Georg D\u00fcrschmidtVorstandTel. 089-998421-0Fax  089-998421-11info@allgeier-holding.deEquityStory AG 05.08.2005 &#8212;&#8212;&#8212;&#8212;&#8212;&#8212;&#8212;&#8212;&#8212;&#8212;&#8212;&#8212;&#8212;&#8212;&#8212;&#8212;&#8212;&#8212;&#8212;&#8212;&#8212;&#8212;&#8212;&#8212;&#8212; Sprache:      DeutschEmittent:     Allgeier Holding AG              Wehrlestrasse 12              81679 M\u00fcnchen DeutschlandTelefon:      +49 (0)89 998 421-0Fax:          +49 (0)89 998 421-11Email:        info@allgeier.comWWW:          www.allgeier-holding.comISIN:         DE0005086300WKN:          508630Indizes:      CDAXB\u00f6rsen:       Geregelter Markt in Frankfurt; Freiverkehr in Berlin-Bremen,              Hannover, Hamburg, D\u00fcsseldorf, Stuttgart Ende der Mitteilung                             EQS News-Service &#8212;&#8212;&#8212;&#8212;&#8212;&#8212;&#8212;&#8212;&#8212;&#8212;&#8212;&#8212;&#8212;&#8212;&#8212;&#8212;&#8212;&#8212;&#8212;&#8212;&#8212;&#8212;&#8212;&#8212;&#8212;<\/p>\n","protected":false},"excerpt":{"rendered":"<p>05.08.2005 Vollzug der Kapitalerh\u00f6hung aus Gesellschaftsmitteln und Zuteilung von Berichtigungsaktien Die Allgeier Holding AG teilt mit, dass die auf der Hauptversammlung am 21.06.2005 u.a. beschlossene Erh\u00f6hung des Grundkapitals der Gesellschaft aus Gesellschaftsmitteln von EUR 3.299.000,00 um EUR<\/p>\n","protected":false},"author":4,"featured_media":0,"parent":1169,"menu_order":0,"comment_status":"close","ping_status":"closed","template":"","meta":{"_acf_changed":false,"footnotes":""},"categories":[7],"tags":[],"class_list":["post-4037","page","type-page","status-publish","hentry","category-pressemitteilungen"],"acf":[],"yoast_head":"<!-- This site is optimized with the Yoast SEO plugin v27.4 - https:\/\/yoast.com\/product\/yoast-seo-wordpress\/ -->\n<title>Vollzug der Kapitalerh\u00f6hung aus Gesellschaftsmitteln - Allgeier SE<\/title>\n<meta name=\"robots\" content=\"index, follow, max-snippet:-1, max-image-preview:large, max-video-preview:-1\" \/>\n<link rel=\"canonical\" href=\"https:\/\/www.allgeier.com\/de\/pressroom\/press-releases\/vollzug-der-kapitalerhoehung-aus-gesellschaftsmitteln\/\" \/>\n<meta property=\"og:locale\" content=\"de_DE\" \/>\n<meta property=\"og:type\" content=\"article\" \/>\n<meta property=\"og:title\" content=\"Vollzug der Kapitalerh\u00f6hung aus Gesellschaftsmitteln - Allgeier SE\" \/>\n<meta property=\"og:description\" content=\"05.08.2005 Vollzug der Kapitalerh\u00f6hung aus Gesellschaftsmitteln und Zuteilung von Berichtigungsaktien Die Allgeier Holding AG teilt mit, dass die auf der Hauptversammlung am 21.06.2005 u.a. beschlossene Erh\u00f6hung des Grundkapitals der Gesellschaft aus Gesellschaftsmitteln von EUR 3.299.000,00 um EUR\" \/>\n<meta property=\"og:url\" content=\"https:\/\/www.allgeier.com\/de\/pressroom\/press-releases\/vollzug-der-kapitalerhoehung-aus-gesellschaftsmitteln\/\" \/>\n<meta property=\"og:site_name\" content=\"Allgeier SE\" \/>\n<meta property=\"article:modified_time\" content=\"2025-02-05T18:36:54+00:00\" \/>\n<meta name=\"twitter:card\" content=\"summary_large_image\" \/>\n<meta name=\"twitter:label1\" content=\"Gesch\u00e4tzte Lesezeit\" \/>\n\t<meta name=\"twitter:data1\" content=\"2\u00a0Minuten\" \/>\n<script type=\"application\/ld+json\" class=\"yoast-schema-graph\">{\"@context\":\"https:\\\/\\\/schema.org\",\"@graph\":[{\"@type\":\"WebPage\",\"@id\":\"https:\\\/\\\/www.allgeier.com\\\/de\\\/pressroom\\\/press-releases\\\/vollzug-der-kapitalerhoehung-aus-gesellschaftsmitteln\\\/\",\"url\":\"https:\\\/\\\/www.allgeier.com\\\/de\\\/pressroom\\\/press-releases\\\/vollzug-der-kapitalerhoehung-aus-gesellschaftsmitteln\\\/\",\"name\":\"Vollzug der Kapitalerh\u00f6hung aus Gesellschaftsmitteln - Allgeier SE\",\"isPartOf\":{\"@id\":\"https:\\\/\\\/www.allgeier.com\\\/de\\\/#website\"},\"datePublished\":\"2005-08-05T09:56:22+00:00\",\"dateModified\":\"2025-02-05T18:36:54+00:00\",\"breadcrumb\":{\"@id\":\"https:\\\/\\\/www.allgeier.com\\\/de\\\/pressroom\\\/press-releases\\\/vollzug-der-kapitalerhoehung-aus-gesellschaftsmitteln\\\/#breadcrumb\"},\"inLanguage\":\"de\",\"potentialAction\":[{\"@type\":\"ReadAction\",\"target\":[\"https:\\\/\\\/www.allgeier.com\\\/de\\\/pressroom\\\/press-releases\\\/vollzug-der-kapitalerhoehung-aus-gesellschaftsmitteln\\\/\"]}]},{\"@type\":\"BreadcrumbList\",\"@id\":\"https:\\\/\\\/www.allgeier.com\\\/de\\\/pressroom\\\/press-releases\\\/vollzug-der-kapitalerhoehung-aus-gesellschaftsmitteln\\\/#breadcrumb\",\"itemListElement\":[{\"@type\":\"ListItem\",\"position\":1,\"name\":\"Home\",\"item\":\"https:\\\/\\\/www.allgeier.com\\\/de\\\/\"},{\"@type\":\"ListItem\",\"position\":2,\"name\":\"Presse\",\"item\":\"https:\\\/\\\/www.allgeier.com\\\/de\\\/pressroom\\\/\"},{\"@type\":\"ListItem\",\"position\":3,\"name\":\"Pressemitteilungen\",\"item\":\"https:\\\/\\\/www.allgeier.com\\\/de\\\/pressroom\\\/press-releases\\\/\"},{\"@type\":\"ListItem\",\"position\":4,\"name\":\"Vollzug der Kapitalerh\u00f6hung aus Gesellschaftsmitteln\"}]},{\"@type\":\"WebSite\",\"@id\":\"https:\\\/\\\/www.allgeier.com\\\/de\\\/#website\",\"url\":\"https:\\\/\\\/www.allgeier.com\\\/de\\\/\",\"name\":\"Allgeier SE\",\"description\":\"Software &amp; IT Services for digital transformation\",\"potentialAction\":[{\"@type\":\"SearchAction\",\"target\":{\"@type\":\"EntryPoint\",\"urlTemplate\":\"https:\\\/\\\/www.allgeier.com\\\/de\\\/?s={search_term_string}\"},\"query-input\":{\"@type\":\"PropertyValueSpecification\",\"valueRequired\":true,\"valueName\":\"search_term_string\"}}],\"inLanguage\":\"de\"}]}<\/script>\n<!-- \/ Yoast SEO plugin. -->","yoast_head_json":{"title":"Vollzug der Kapitalerh\u00f6hung aus Gesellschaftsmitteln - Allgeier SE","robots":{"index":"index","follow":"follow","max-snippet":"max-snippet:-1","max-image-preview":"max-image-preview:large","max-video-preview":"max-video-preview:-1"},"canonical":"https:\/\/www.allgeier.com\/de\/pressroom\/press-releases\/vollzug-der-kapitalerhoehung-aus-gesellschaftsmitteln\/","og_locale":"de_DE","og_type":"article","og_title":"Vollzug der Kapitalerh\u00f6hung aus Gesellschaftsmitteln - Allgeier SE","og_description":"05.08.2005 Vollzug der Kapitalerh\u00f6hung aus Gesellschaftsmitteln und Zuteilung von Berichtigungsaktien Die Allgeier Holding AG teilt mit, dass die auf der Hauptversammlung am 21.06.2005 u.a. beschlossene Erh\u00f6hung des Grundkapitals der Gesellschaft aus Gesellschaftsmitteln von EUR 3.299.000,00 um EUR","og_url":"https:\/\/www.allgeier.com\/de\/pressroom\/press-releases\/vollzug-der-kapitalerhoehung-aus-gesellschaftsmitteln\/","og_site_name":"Allgeier SE","article_modified_time":"2025-02-05T18:36:54+00:00","twitter_card":"summary_large_image","twitter_misc":{"Gesch\u00e4tzte Lesezeit":"2\u00a0Minuten"},"schema":{"@context":"https:\/\/schema.org","@graph":[{"@type":"WebPage","@id":"https:\/\/www.allgeier.com\/de\/pressroom\/press-releases\/vollzug-der-kapitalerhoehung-aus-gesellschaftsmitteln\/","url":"https:\/\/www.allgeier.com\/de\/pressroom\/press-releases\/vollzug-der-kapitalerhoehung-aus-gesellschaftsmitteln\/","name":"Vollzug der Kapitalerh\u00f6hung aus Gesellschaftsmitteln - Allgeier SE","isPartOf":{"@id":"https:\/\/www.allgeier.com\/de\/#website"},"datePublished":"2005-08-05T09:56:22+00:00","dateModified":"2025-02-05T18:36:54+00:00","breadcrumb":{"@id":"https:\/\/www.allgeier.com\/de\/pressroom\/press-releases\/vollzug-der-kapitalerhoehung-aus-gesellschaftsmitteln\/#breadcrumb"},"inLanguage":"de","potentialAction":[{"@type":"ReadAction","target":["https:\/\/www.allgeier.com\/de\/pressroom\/press-releases\/vollzug-der-kapitalerhoehung-aus-gesellschaftsmitteln\/"]}]},{"@type":"BreadcrumbList","@id":"https:\/\/www.allgeier.com\/de\/pressroom\/press-releases\/vollzug-der-kapitalerhoehung-aus-gesellschaftsmitteln\/#breadcrumb","itemListElement":[{"@type":"ListItem","position":1,"name":"Home","item":"https:\/\/www.allgeier.com\/de\/"},{"@type":"ListItem","position":2,"name":"Presse","item":"https:\/\/www.allgeier.com\/de\/pressroom\/"},{"@type":"ListItem","position":3,"name":"Pressemitteilungen","item":"https:\/\/www.allgeier.com\/de\/pressroom\/press-releases\/"},{"@type":"ListItem","position":4,"name":"Vollzug der Kapitalerh\u00f6hung aus Gesellschaftsmitteln"}]},{"@type":"WebSite","@id":"https:\/\/www.allgeier.com\/de\/#website","url":"https:\/\/www.allgeier.com\/de\/","name":"Allgeier SE","description":"Software &amp; IT Services for digital transformation","potentialAction":[{"@type":"SearchAction","target":{"@type":"EntryPoint","urlTemplate":"https:\/\/www.allgeier.com\/de\/?s={search_term_string}"},"query-input":{"@type":"PropertyValueSpecification","valueRequired":true,"valueName":"search_term_string"}}],"inLanguage":"de"}]}},"_links":{"self":[{"href":"https:\/\/www.allgeier.com\/de\/wp-json\/wp\/v2\/pages\/4037","targetHints":{"allow":["GET"]}}],"collection":[{"href":"https:\/\/www.allgeier.com\/de\/wp-json\/wp\/v2\/pages"}],"about":[{"href":"https:\/\/www.allgeier.com\/de\/wp-json\/wp\/v2\/types\/page"}],"author":[{"embeddable":true,"href":"https:\/\/www.allgeier.com\/de\/wp-json\/wp\/v2\/users\/4"}],"replies":[{"embeddable":true,"href":"https:\/\/www.allgeier.com\/de\/wp-json\/wp\/v2\/comments?post=4037"}],"version-history":[{"count":1,"href":"https:\/\/www.allgeier.com\/de\/wp-json\/wp\/v2\/pages\/4037\/revisions"}],"predecessor-version":[{"id":4038,"href":"https:\/\/www.allgeier.com\/de\/wp-json\/wp\/v2\/pages\/4037\/revisions\/4038"}],"up":[{"embeddable":true,"href":"https:\/\/www.allgeier.com\/de\/wp-json\/wp\/v2\/pages\/1169"}],"wp:attachment":[{"href":"https:\/\/www.allgeier.com\/de\/wp-json\/wp\/v2\/media?parent=4037"}],"wp:term":[{"taxonomy":"category","embeddable":true,"href":"https:\/\/www.allgeier.com\/de\/wp-json\/wp\/v2\/categories?post=4037"},{"taxonomy":"post_tag","embeddable":true,"href":"https:\/\/www.allgeier.com\/de\/wp-json\/wp\/v2\/tags?post=4037"}],"curies":[{"name":"wp","href":"https:\/\/api.w.org\/{rel}","templated":true}]}}

Vollzug der Kapitalerhöhung aus Gesellschaftsmitteln

<p><b>Allgeier Holding AG / Kapitalerhöhung</b>Corporate-Mitteilung übermittelt durch die EquityStory AG.Für den Inhalt der Mitteilung ist der Emittent verantwortlich.&#8212;&#8212;&#8212;&#8212;&#8212;&#8212;&#8212;&#8212;&#8212;&#8212;&#8212;&#8212;&#8212;&#8212;&#8212;&#8212;&#8212;&#8212;&#8212;&#8212;&#8212;&#8212;&#8212;&#8212;&#8212;05.08.2005Vollzug der Kapitalerhöhung aus Gesellschaftsmitteln und Zuteilung vonBerichtigungsaktienDie Allgeier Holding AG teilt mit, dass die auf der Hauptversammlung am21.06.2005 u.a. beschlossene Erhöhung des Grundkapitals der Gesellschaftaus Gesellschaftsmitteln von EUR 3.299.000,00 um EUR 824.750,00 auf EUR4.123.750,00  nach den Vorschriften der §§ 207 ff AktG heute erfolgt ist.Die Kapitalerhöhung erfolgte gegen Ausgabe von Stück 824.750 neuen, auf denInhaber lautenden Stückaktien, die an die Aktionäre der Allgeier Holding AGim Verhältnis 4 : 1 ausgegeben wurden. Die neuen Stückaktien nehmenerstmals am Gewinn des Geschäftsjahres 2005 teil. Die entsprechendenSatzungsänderungen sind am 13. Juli 2005 in das Handelsregister desAmtsgerichts München eingetragen worden.Den Aktionären der Gesellschaft stehen aufgrund ihres bisherigenAktienbesitzes im Verhältnis 4 : 1 Berichtigungsaktien zu, so dass auf jevier (4) alte Stückaktien eine neue Stückaktie entfällt. Soweit aufgrunddes Zuteilungsverhältnisses von 4 : 1 auf den Aktienbestand Teilrechteentfallen, werden die Aktionäre gebeten, ihrer Depotbank wegen der Auf-oder Abrundung auf volle Aktienrechte einen entsprechenden Auftrag zuerteilen. Die Abwicklungsstelle ist bereit, den An- und Verkauf vonTeilrechten nach Möglichkeit zu vermitteln.Da sämtliche Aktien der Allgeier Holding AG in Girosammeldepots verwahrtwerden, brauchen die Aktionäre – abgesehen von einer eventuellenRegulierung der Spitzenbeträge – hinsichtlich der Zuteilung derBerichtigungsaktien nichts zu veranlassen. Die Zuteilung derBerichtigungsaktien erfolgte für die berechtigten Aktionäre aufgrund ihrerBestände an alten Stückaktien nach dem Stand vom 04.08.2005, nachBörsenschluss, mittels Depotgutschrift. Die Abwicklung der vorgenanntenMaßnahmen ist bei der Bankhaus Gebrüder Martin AG zentralisiert.Die neuen Stückaktien erhalten die gleiche ISIN/ WKN wie die altenStückaktien (DE0005086300 / 508630). Sie sind in einer Globalurkundeverbrieft, die bei der Clearstream Banking AG, Frankfurt am Main,hinterlegt ist. Der Anspruch der Aktionäre auf Verbriefung ihrer Anteilesowie etwaiger Gewinnanteile ist laut Satzung ausgeschlossen.Die kraft Gesetzes zum geregelten Markt an der Frankfurter Wertpapierbörsezugelassenen Berichtigungsaktien werden ab dem 05.08.2005 in die Notierungder alten Stückaktien einbezogen. Vom gleichen Tag an versteht sich dieNotierung der Stückaktien der Allgeier Holding AG &#8218;ex Berichtigungsaktien“.Etwaige Gebührenerstattungen von Seiten des Emittenten sind nichtvorgesehen.MünchenDer Vorstand  Georg DürschmidtVorstandTel. 089-998421-0Fax  089-998421-11info@allgeier-holding.deEquityStory AG 05.08.2005 &#8212;&#8212;&#8212;&#8212;&#8212;&#8212;&#8212;&#8212;&#8212;&#8212;&#8212;&#8212;&#8212;&#8212;&#8212;&#8212;&#8212;&#8212;&#8212;&#8212;&#8212;&#8212;&#8212;&#8212;&#8212; Sprache:      DeutschEmittent:     Allgeier Holding AG              Wehrlestrasse 12              81679 München DeutschlandTelefon:      +49 (0)89 998 421-0Fax:          +49 (0)89 998 421-11Email:        info@allgeier.comWWW:          www.allgeier-holding.comISIN:         DE0005086300WKN:          508630Indizes:      CDAXBörsen:       Geregelter Markt in Frankfurt; Freiverkehr in Berlin-Bremen,              Hannover, Hamburg, Düsseldorf, Stuttgart Ende der Mitteilung                             EQS News-Service &#8212;&#8212;&#8212;&#8212;&#8212;&#8212;&#8212;&#8212;&#8212;&#8212;&#8212;&#8212;&#8212;&#8212;&#8212;&#8212;&#8212;&#8212;&#8212;&#8212;&#8212;&#8212;&#8212;&#8212;&#8212;</p>

<p>05.08.2005 Vollzug der Kapitalerhöhung aus Gesellschaftsmitteln und Zuteilung von Berichtigungsaktien Die Allgeier Holding AG teilt mit, dass die auf der Hauptversammlung am 21.06.2005 u.a. beschlossene Erhöhung des Grundkapitals der Gesellschaft aus Gesellschaftsmitteln von EUR 3.299.000,00 um EUR</p>

<!-- This site is optimized with the Yoast SEO plugin v27.4 - https://yoast.com/product/yoast-seo-wordpress/ -->
<title>Vollzug der Kapitalerhöhung aus Gesellschaftsmitteln - Allgeier SE</title>
<meta name="robots" content="index, follow, max-snippet:-1, max-image-preview:large, max-video-preview:-1" />
<link rel="canonical" href="https://www.allgeier.com/de/pressroom/press-releases/vollzug-der-kapitalerhoehung-aus-gesellschaftsmitteln/" />
<meta property="og:locale" content="de_DE" />
<meta property="og:type" content="article" />
<meta property="og:title" content="Vollzug der Kapitalerhöhung aus Gesellschaftsmitteln - Allgeier SE" />
<meta property="og:description" content="05.08.2005 Vollzug der Kapitalerhöhung aus Gesellschaftsmitteln und Zuteilung von Berichtigungsaktien Die Allgeier Holding AG teilt mit, dass die auf der Hauptversammlung am 21.06.2005 u.a. beschlossene Erhöhung des Grundkapitals der Gesellschaft aus Gesellschaftsmitteln von EUR 3.299.000,00 um EUR" />
<meta property="og:url" content="https://www.allgeier.com/de/pressroom/press-releases/vollzug-der-kapitalerhoehung-aus-gesellschaftsmitteln/" />
<meta property="og:site_name" content="Allgeier SE" />
<meta property="article:modified_time" content="2025-02-05T18:36:54+00:00" />
<meta name="twitter:card" content="summary_large_image" />
<meta name="twitter:label1" content="Geschätzte Lesezeit" />
	<meta name="twitter:data1" content="2 Minuten" />
<script type="application/ld+json" class="yoast-schema-graph">{"@context":"https:\/\/schema.org","@graph":[{"@type":"WebPage","@id":"https:\/\/www.allgeier.com\/de\/pressroom\/press-releases\/vollzug-der-kapitalerhoehung-aus-gesellschaftsmitteln\/","url":"https:\/\/www.allgeier.com\/de\/pressroom\/press-releases\/vollzug-der-kapitalerhoehung-aus-gesellschaftsmitteln\/","name":"Vollzug der Kapitalerhöhung aus Gesellschaftsmitteln - Allgeier SE","isPartOf":{"@id":"https:\/\/www.allgeier.com\/de\/#website"},"datePublished":"2005-08-05T09:56:22+00:00","dateModified":"2025-02-05T18:36:54+00:00","breadcrumb":{"@id":"https:\/\/www.allgeier.com\/de\/pressroom\/press-releases\/vollzug-der-kapitalerhoehung-aus-gesellschaftsmitteln\/#breadcrumb"},"inLanguage":"de","potentialAction":[{"@type":"ReadAction","target":["https:\/\/www.allgeier.com\/de\/pressroom\/press-releases\/vollzug-der-kapitalerhoehung-aus-gesellschaftsmitteln\/"]}]},{"@type":"BreadcrumbList","@id":"https:\/\/www.allgeier.com\/de\/pressroom\/press-releases\/vollzug-der-kapitalerhoehung-aus-gesellschaftsmitteln\/#breadcrumb","itemListElement":[{"@type":"ListItem","position":1,"name":"Home","item":"https:\/\/www.allgeier.com\/de\/"},{"@type":"ListItem","position":2,"name":"Presse","item":"https:\/\/www.allgeier.com\/de\/pressroom\/"},{"@type":"ListItem","position":3,"name":"Pressemitteilungen","item":"https:\/\/www.allgeier.com\/de\/pressroom\/press-releases\/"},{"@type":"ListItem","position":4,"name":"Vollzug der Kapitalerhöhung aus Gesellschaftsmitteln"}]},{"@type":"WebSite","@id":"https:\/\/www.allgeier.com\/de\/#website","url":"https:\/\/www.allgeier.com\/de\/","name":"Allgeier SE","description":"Software &amp; IT Services for digital transformation","potentialAction":[{"@type":"SearchAction","target":{"@type":"EntryPoint","urlTemplate":"https:\/\/www.allgeier.com\/de\/?s={search_term_string}"},"query-input":{"@type":"PropertyValueSpecification","valueRequired":true,"valueName":"search_term_string"}}],"inLanguage":"de"}]}</script>
<!-- / Yoast SEO plugin. -->

Vollzug der Kapitalerhöhung aus Gesellschaftsmitteln - Allgeier SE

05.08.2005 Vollzug der Kapitalerhöhung aus Gesellschaftsmitteln und Zuteilung von Berichtigungsaktien Die Allgeier Holding AG teilt mit, dass die auf der Hauptversammlung am 21.06.2005 u.a. beschlossene Erhöhung des Grundkapitals der Gesellschaft aus Gesellschaftsmitteln von EUR 3.299.000,00 um EUR
