{"id":5288,"date":"2004-05-28T07:00:00","date_gmt":"2004-05-28T07:00:00","guid":{"rendered":"https:\/\/www.allgeier.com\/de\/?page_id=5288"},"modified":"2025-02-05T18:36:53","modified_gmt":"2025-02-05T18:36:53","slug":"gfu-und-allgeier-legen-gemeinsame-basis","status":"publish","type":"page","link":"https:\/\/www.allgeier.com\/de\/pressroom\/press-releases\/gfu-und-allgeier-legen-gemeinsame-basis\/","title":{"rendered":"GFU und Allgeier legen gemeinsame Basis"},"content":{"rendered":"<p>Die Gr\u00fcnder der GFU Kiefer &amp; Partner GmbH &amp; Co KG, Pullach i. Isartal, Annemarie und Helmut Kiefer haben sich nach 25 Jahren erfolgreicher Entwicklung der GFU dazu entschieden, aus der Gesch\u00e4ftsf\u00fchrung auszuscheiden und der Gesellschaft eine neue Basis f\u00fcr die weitere Entwicklung zu schaffen. <BR \/><BR \/>Nach einigen Monaten der intensiven Pr\u00fcfung geeigneter L\u00f6sungen f\u00fcr eine nahtlose Nachfolge wurde gemeinsam mit den bisherigen Gesch\u00e4ftsf\u00fchrern und der Allgeier Holding AG, M\u00fcnchen, die L\u00f6sung gefunden: zum 1. Mai 2004 \u00fcbernehmen die bisherigen Gesch\u00e4ftsf\u00fchrer Hartmuth Rampitsch und Joachim Himmer im Rahmen eines Buy Outs gemeinsam mit der Allgeier Holding r\u00fcckwirkend zum 1. Januar 2004 s\u00e4mtliche Gesch\u00e4ftsanteile der GFU.<BR \/><BR \/>Die neuen Gesellschafter werden die GFU ohne \u00c4nderung der Gesch\u00e4ftspolitik weiterf\u00fchren. Das Gesch\u00e4ft soll in seiner bestehenden Struktur mit s\u00e4mtlichen Festangestellten und freiberuflichen Mitarbeitern fortgesetzt werden, sodass die bisherige Leistungsf\u00e4higkeit des Unternehmens gegen\u00fcber den anspruchsvollen Kunden st\u00f6rungsfrei fortgesetzt werden kann. Die bisherigen Gr\u00fcndungsgesellschafter und Gesch\u00e4ftsf\u00fchrer Helmut und Annemarie Kiefer legen ihre Gesch\u00e4ftsf\u00fchrungsmandate nieder, bleiben aber auf l\u00e4ngere Zeit aktiv.<BR \/><BR \/>Die beiden Gesch\u00e4ftsf\u00fchrer sind seit Jahren eng mit der GFU verbunden. Hartmuth Rampitsch (54) ist seit 1992 f\u00fcr die GFU t\u00e4tig, wurde 2000 in die Gesch\u00e4ftsf\u00fchrung berufen und ist seit 2003 Gesch\u00e4ftsf\u00fchrer. Neben der Kunden- und Mitarbeiterbetreuung in seinem Gesch\u00e4ftsgebiet verantwortet er die Bereiche Personalwesen und Rechtsfragen. Joachim Himmer ist seit 2001 f\u00fcr die GFU t\u00e4tig und wurde 2003 zum Gesch\u00e4ftsf\u00fchrer bestellt. Er betreut die Kunden und Mitarbeiter seines Gesch\u00e4ftsbereiches und ist f\u00fcr die Bereiche Finanzen und Marketing verantwortlich. Wesentliches Ziel der Gesch\u00e4ftsf\u00fchrung ist es auf der bestehenden Gesch\u00e4ftsbasis und Strategie weiteres Wachstum bei gleich bleibender Portabilit\u00e4t zu erreichen. Dies wird sowohl durch eine breitere Kundenstruktur wie durch regionale Ausweitung realisiert.<BR \/><BR \/>Die intensiven Gespr\u00e4che mit Allgeier im Rahmen der Due Diligence haben gegenseitiges Vertrauen geschaffen und stellen sicher, dass die bisher erfolgreiche Gesch\u00e4ftspolitik der GFU auch mit Allgeier als Mehrheitsgesellschafter fortgesetzt wird. <BR \/><BR \/>Die Allgeier Holding AG mit Sitz in M\u00fcnchen entstand 2002 aus der Allgeier Computer AG, Bremen, die nach einem kontinuierlichen Gesch\u00e4ftsaufbau seit Gr\u00fcndung 1977 im Gesch\u00e4ftsjahr 2000 an die B\u00f6rse gef\u00fchrt wurde. Im Fr\u00fchjahr 2001 wurde mit einer wesentlichen \u00c4nderung in der Aktion\u00e4rsstruktur der Sitz nach M\u00fcnchen verlegt und ein Wechsel in der Gesch\u00e4ftspolitik eingeleitet. Heute ist Allgeier als Beteiligungsholding f\u00fcr Technologie und IT Unternehmen ausgerichtet. Allgeier beteiligt sich in der Regel mehrheitlich an erfolgreichen und wachstumsstarken Unternehmen mit dem Ziel, eine attraktive Wertsteigerung unseres Gruppenportfolios zu erreichen. Die Allgeier Unternehmensphilosophie hat ihr Fundament in Unternehmertum und Leistungsorientierung, in Eigenverantwortung und in vertrauensvollem Zusammenarbeiten mit Menschen.<BR \/><BR \/>Die Allgeier Gruppe umfasst zur Zeit zwei Gesch\u00e4ftsbereiche mit Unternehmen im IT- und technologienahen Umfeld: der Gesch\u00e4ftsbereich IT umfasst 4 Mehrheitsbeteiligungen aus den Bereichen IT Systeml\u00f6sungen und Dienstleistungen, der Gesch\u00e4ftsbereich Basistechnologie umfasst eine mehrheitliche Beteiligung an einer Unternehmensgruppe im Bereich der Elektrotechnik.<BR \/><BR \/>Die Mehrheitsbeteiligung an der GFU st\u00e4rkt das IT Dienstleistungsgesch\u00e4ft der Gruppe.<BR \/><\/p>\n","protected":false},"excerpt":{"rendered":"<p>Die Gr\u00fcnder der GFU Kiefer &#038; Partner GmbH &#038; Co KG, Pullach i. Isartal, Annemarie und Helmut Kiefer haben sich nach 25 Jahren erfolgreicher Entwicklung der GFU dazu entschieden, aus der Gesch\u00e4ftsf\u00fchrung auszuscheiden und der Gesellschaft eine neue Basis f\u00fcr die weitere Entwicklung zu schaffen. Nach einigen<\/p>\n","protected":false},"author":4,"featured_media":0,"parent":1169,"menu_order":0,"comment_status":"close","ping_status":"closed","template":"","meta":{"_acf_changed":false,"footnotes":""},"categories":[7],"tags":[],"class_list":["post-5288","page","type-page","status-publish","hentry","category-pressemitteilungen"],"acf":[],"yoast_head":"<!-- This site is optimized with the Yoast SEO plugin v27.4 - https:\/\/yoast.com\/product\/yoast-seo-wordpress\/ -->\n<title>GFU und Allgeier legen gemeinsame Basis - Allgeier SE<\/title>\n<meta name=\"robots\" content=\"index, follow, max-snippet:-1, max-image-preview:large, max-video-preview:-1\" \/>\n<link rel=\"canonical\" href=\"https:\/\/www.allgeier.com\/de\/pressroom\/press-releases\/gfu-und-allgeier-legen-gemeinsame-basis\/\" \/>\n<meta property=\"og:locale\" content=\"de_DE\" \/>\n<meta property=\"og:type\" content=\"article\" \/>\n<meta property=\"og:title\" content=\"GFU und Allgeier legen gemeinsame Basis - Allgeier SE\" \/>\n<meta property=\"og:description\" content=\"Die Gr\u00fcnder der GFU Kiefer &amp; Partner GmbH &amp; Co KG, Pullach i. Isartal, Annemarie und Helmut Kiefer haben sich nach 25 Jahren erfolgreicher Entwicklung der GFU dazu entschieden, aus der Gesch\u00e4ftsf\u00fchrung auszuscheiden und der Gesellschaft eine neue Basis f\u00fcr die weitere Entwicklung zu schaffen. Nach einigen\" \/>\n<meta property=\"og:url\" content=\"https:\/\/www.allgeier.com\/de\/pressroom\/press-releases\/gfu-und-allgeier-legen-gemeinsame-basis\/\" \/>\n<meta property=\"og:site_name\" content=\"Allgeier SE\" \/>\n<meta property=\"article:modified_time\" content=\"2025-02-05T18:36:53+00:00\" \/>\n<meta name=\"twitter:card\" content=\"summary_large_image\" \/>\n<meta name=\"twitter:label1\" content=\"Gesch\u00e4tzte Lesezeit\" \/>\n\t<meta name=\"twitter:data1\" content=\"3\u00a0Minuten\" \/>\n<script type=\"application\/ld+json\" class=\"yoast-schema-graph\">{\"@context\":\"https:\\\/\\\/schema.org\",\"@graph\":[{\"@type\":\"WebPage\",\"@id\":\"https:\\\/\\\/www.allgeier.com\\\/de\\\/pressroom\\\/press-releases\\\/gfu-und-allgeier-legen-gemeinsame-basis\\\/\",\"url\":\"https:\\\/\\\/www.allgeier.com\\\/de\\\/pressroom\\\/press-releases\\\/gfu-und-allgeier-legen-gemeinsame-basis\\\/\",\"name\":\"GFU und Allgeier legen gemeinsame Basis - Allgeier SE\",\"isPartOf\":{\"@id\":\"https:\\\/\\\/www.allgeier.com\\\/de\\\/#website\"},\"datePublished\":\"2004-05-28T07:00:00+00:00\",\"dateModified\":\"2025-02-05T18:36:53+00:00\",\"breadcrumb\":{\"@id\":\"https:\\\/\\\/www.allgeier.com\\\/de\\\/pressroom\\\/press-releases\\\/gfu-und-allgeier-legen-gemeinsame-basis\\\/#breadcrumb\"},\"inLanguage\":\"de\",\"potentialAction\":[{\"@type\":\"ReadAction\",\"target\":[\"https:\\\/\\\/www.allgeier.com\\\/de\\\/pressroom\\\/press-releases\\\/gfu-und-allgeier-legen-gemeinsame-basis\\\/\"]}]},{\"@type\":\"BreadcrumbList\",\"@id\":\"https:\\\/\\\/www.allgeier.com\\\/de\\\/pressroom\\\/press-releases\\\/gfu-und-allgeier-legen-gemeinsame-basis\\\/#breadcrumb\",\"itemListElement\":[{\"@type\":\"ListItem\",\"position\":1,\"name\":\"Home\",\"item\":\"https:\\\/\\\/www.allgeier.com\\\/de\\\/\"},{\"@type\":\"ListItem\",\"position\":2,\"name\":\"Presse\",\"item\":\"https:\\\/\\\/www.allgeier.com\\\/de\\\/pressroom\\\/\"},{\"@type\":\"ListItem\",\"position\":3,\"name\":\"Pressemitteilungen\",\"item\":\"https:\\\/\\\/www.allgeier.com\\\/de\\\/pressroom\\\/press-releases\\\/\"},{\"@type\":\"ListItem\",\"position\":4,\"name\":\"GFU und Allgeier legen gemeinsame Basis\"}]},{\"@type\":\"WebSite\",\"@id\":\"https:\\\/\\\/www.allgeier.com\\\/de\\\/#website\",\"url\":\"https:\\\/\\\/www.allgeier.com\\\/de\\\/\",\"name\":\"Allgeier SE\",\"description\":\"Software &amp; IT Services for digital transformation\",\"potentialAction\":[{\"@type\":\"SearchAction\",\"target\":{\"@type\":\"EntryPoint\",\"urlTemplate\":\"https:\\\/\\\/www.allgeier.com\\\/de\\\/?s={search_term_string}\"},\"query-input\":{\"@type\":\"PropertyValueSpecification\",\"valueRequired\":true,\"valueName\":\"search_term_string\"}}],\"inLanguage\":\"de\"}]}<\/script>\n<!-- \/ Yoast SEO plugin. -->","yoast_head_json":{"title":"GFU und Allgeier legen gemeinsame Basis - Allgeier SE","robots":{"index":"index","follow":"follow","max-snippet":"max-snippet:-1","max-image-preview":"max-image-preview:large","max-video-preview":"max-video-preview:-1"},"canonical":"https:\/\/www.allgeier.com\/de\/pressroom\/press-releases\/gfu-und-allgeier-legen-gemeinsame-basis\/","og_locale":"de_DE","og_type":"article","og_title":"GFU und Allgeier legen gemeinsame Basis - Allgeier SE","og_description":"Die Gr\u00fcnder der GFU Kiefer & Partner GmbH & Co KG, Pullach i. Isartal, Annemarie und Helmut Kiefer haben sich nach 25 Jahren erfolgreicher Entwicklung der GFU dazu entschieden, aus der Gesch\u00e4ftsf\u00fchrung auszuscheiden und der Gesellschaft eine neue Basis f\u00fcr die weitere Entwicklung zu schaffen. Nach einigen","og_url":"https:\/\/www.allgeier.com\/de\/pressroom\/press-releases\/gfu-und-allgeier-legen-gemeinsame-basis\/","og_site_name":"Allgeier SE","article_modified_time":"2025-02-05T18:36:53+00:00","twitter_card":"summary_large_image","twitter_misc":{"Gesch\u00e4tzte Lesezeit":"3\u00a0Minuten"},"schema":{"@context":"https:\/\/schema.org","@graph":[{"@type":"WebPage","@id":"https:\/\/www.allgeier.com\/de\/pressroom\/press-releases\/gfu-und-allgeier-legen-gemeinsame-basis\/","url":"https:\/\/www.allgeier.com\/de\/pressroom\/press-releases\/gfu-und-allgeier-legen-gemeinsame-basis\/","name":"GFU und Allgeier legen gemeinsame Basis - Allgeier SE","isPartOf":{"@id":"https:\/\/www.allgeier.com\/de\/#website"},"datePublished":"2004-05-28T07:00:00+00:00","dateModified":"2025-02-05T18:36:53+00:00","breadcrumb":{"@id":"https:\/\/www.allgeier.com\/de\/pressroom\/press-releases\/gfu-und-allgeier-legen-gemeinsame-basis\/#breadcrumb"},"inLanguage":"de","potentialAction":[{"@type":"ReadAction","target":["https:\/\/www.allgeier.com\/de\/pressroom\/press-releases\/gfu-und-allgeier-legen-gemeinsame-basis\/"]}]},{"@type":"BreadcrumbList","@id":"https:\/\/www.allgeier.com\/de\/pressroom\/press-releases\/gfu-und-allgeier-legen-gemeinsame-basis\/#breadcrumb","itemListElement":[{"@type":"ListItem","position":1,"name":"Home","item":"https:\/\/www.allgeier.com\/de\/"},{"@type":"ListItem","position":2,"name":"Presse","item":"https:\/\/www.allgeier.com\/de\/pressroom\/"},{"@type":"ListItem","position":3,"name":"Pressemitteilungen","item":"https:\/\/www.allgeier.com\/de\/pressroom\/press-releases\/"},{"@type":"ListItem","position":4,"name":"GFU und Allgeier legen gemeinsame Basis"}]},{"@type":"WebSite","@id":"https:\/\/www.allgeier.com\/de\/#website","url":"https:\/\/www.allgeier.com\/de\/","name":"Allgeier SE","description":"Software &amp; IT Services for digital transformation","potentialAction":[{"@type":"SearchAction","target":{"@type":"EntryPoint","urlTemplate":"https:\/\/www.allgeier.com\/de\/?s={search_term_string}"},"query-input":{"@type":"PropertyValueSpecification","valueRequired":true,"valueName":"search_term_string"}}],"inLanguage":"de"}]}},"_links":{"self":[{"href":"https:\/\/www.allgeier.com\/de\/wp-json\/wp\/v2\/pages\/5288","targetHints":{"allow":["GET"]}}],"collection":[{"href":"https:\/\/www.allgeier.com\/de\/wp-json\/wp\/v2\/pages"}],"about":[{"href":"https:\/\/www.allgeier.com\/de\/wp-json\/wp\/v2\/types\/page"}],"author":[{"embeddable":true,"href":"https:\/\/www.allgeier.com\/de\/wp-json\/wp\/v2\/users\/4"}],"replies":[{"embeddable":true,"href":"https:\/\/www.allgeier.com\/de\/wp-json\/wp\/v2\/comments?post=5288"}],"version-history":[{"count":1,"href":"https:\/\/www.allgeier.com\/de\/wp-json\/wp\/v2\/pages\/5288\/revisions"}],"predecessor-version":[{"id":5289,"href":"https:\/\/www.allgeier.com\/de\/wp-json\/wp\/v2\/pages\/5288\/revisions\/5289"}],"up":[{"embeddable":true,"href":"https:\/\/www.allgeier.com\/de\/wp-json\/wp\/v2\/pages\/1169"}],"wp:attachment":[{"href":"https:\/\/www.allgeier.com\/de\/wp-json\/wp\/v2\/media?parent=5288"}],"wp:term":[{"taxonomy":"category","embeddable":true,"href":"https:\/\/www.allgeier.com\/de\/wp-json\/wp\/v2\/categories?post=5288"},{"taxonomy":"post_tag","embeddable":true,"href":"https:\/\/www.allgeier.com\/de\/wp-json\/wp\/v2\/tags?post=5288"}],"curies":[{"name":"wp","href":"https:\/\/api.w.org\/{rel}","templated":true}]}}

<p>Die Gründer der GFU Kiefer &amp; Partner GmbH &amp; Co KG, Pullach i. Isartal, Annemarie und Helmut Kiefer haben sich nach 25 Jahren erfolgreicher Entwicklung der GFU dazu entschieden, aus der Geschäftsführung auszuscheiden und der Gesellschaft eine neue Basis für die weitere Entwicklung zu schaffen. <BR /><BR />Nach einigen Monaten der intensiven Prüfung geeigneter Lösungen für eine nahtlose Nachfolge wurde gemeinsam mit den bisherigen Geschäftsführern und der Allgeier Holding AG, München, die Lösung gefunden: zum 1. Mai 2004 übernehmen die bisherigen Geschäftsführer Hartmuth Rampitsch und Joachim Himmer im Rahmen eines Buy Outs gemeinsam mit der Allgeier Holding rückwirkend zum 1. Januar 2004 sämtliche Geschäftsanteile der GFU.<BR /><BR />Die neuen Gesellschafter werden die GFU ohne Änderung der Geschäftspolitik weiterführen. Das Geschäft soll in seiner bestehenden Struktur mit sämtlichen Festangestellten und freiberuflichen Mitarbeitern fortgesetzt werden, sodass die bisherige Leistungsfähigkeit des Unternehmens gegenüber den anspruchsvollen Kunden störungsfrei fortgesetzt werden kann. Die bisherigen Gründungsgesellschafter und Geschäftsführer Helmut und Annemarie Kiefer legen ihre Geschäftsführungsmandate nieder, bleiben aber auf längere Zeit aktiv.<BR /><BR />Die beiden Geschäftsführer sind seit Jahren eng mit der GFU verbunden. Hartmuth Rampitsch (54) ist seit 1992 für die GFU tätig, wurde 2000 in die Geschäftsführung berufen und ist seit 2003 Geschäftsführer. Neben der Kunden- und Mitarbeiterbetreuung in seinem Geschäftsgebiet verantwortet er die Bereiche Personalwesen und Rechtsfragen. Joachim Himmer ist seit 2001 für die GFU tätig und wurde 2003 zum Geschäftsführer bestellt. Er betreut die Kunden und Mitarbeiter seines Geschäftsbereiches und ist für die Bereiche Finanzen und Marketing verantwortlich. Wesentliches Ziel der Geschäftsführung ist es auf der bestehenden Geschäftsbasis und Strategie weiteres Wachstum bei gleich bleibender Portabilität zu erreichen. Dies wird sowohl durch eine breitere Kundenstruktur wie durch regionale Ausweitung realisiert.<BR /><BR />Die intensiven Gespräche mit Allgeier im Rahmen der Due Diligence haben gegenseitiges Vertrauen geschaffen und stellen sicher, dass die bisher erfolgreiche Geschäftspolitik der GFU auch mit Allgeier als Mehrheitsgesellschafter fortgesetzt wird. <BR /><BR />Die Allgeier Holding AG mit Sitz in München entstand 2002 aus der Allgeier Computer AG, Bremen, die nach einem kontinuierlichen Geschäftsaufbau seit Gründung 1977 im Geschäftsjahr 2000 an die Börse geführt wurde. Im Frühjahr 2001 wurde mit einer wesentlichen Änderung in der Aktionärsstruktur der Sitz nach München verlegt und ein Wechsel in der Geschäftspolitik eingeleitet. Heute ist Allgeier als Beteiligungsholding für Technologie und IT Unternehmen ausgerichtet. Allgeier beteiligt sich in der Regel mehrheitlich an erfolgreichen und wachstumsstarken Unternehmen mit dem Ziel, eine attraktive Wertsteigerung unseres Gruppenportfolios zu erreichen. Die Allgeier Unternehmensphilosophie hat ihr Fundament in Unternehmertum und Leistungsorientierung, in Eigenverantwortung und in vertrauensvollem Zusammenarbeiten mit Menschen.<BR /><BR />Die Allgeier Gruppe umfasst zur Zeit zwei Geschäftsbereiche mit Unternehmen im IT- und technologienahen Umfeld: der Geschäftsbereich IT umfasst 4 Mehrheitsbeteiligungen aus den Bereichen IT Systemlösungen und Dienstleistungen, der Geschäftsbereich Basistechnologie umfasst eine mehrheitliche Beteiligung an einer Unternehmensgruppe im Bereich der Elektrotechnik.<BR /><BR />Die Mehrheitsbeteiligung an der GFU stärkt das IT Dienstleistungsgeschäft der Gruppe.<BR /></p>

<p>Die Gründer der GFU Kiefer &#038; Partner GmbH &#038; Co KG, Pullach i. Isartal, Annemarie und Helmut Kiefer haben sich nach 25 Jahren erfolgreicher Entwicklung der GFU dazu entschieden, aus der Geschäftsführung auszuscheiden und der Gesellschaft eine neue Basis für die weitere Entwicklung zu schaffen. Nach einigen</p>

<!-- This site is optimized with the Yoast SEO plugin v27.4 - https://yoast.com/product/yoast-seo-wordpress/ -->
<title>GFU und Allgeier legen gemeinsame Basis - Allgeier SE</title>
<meta name="robots" content="index, follow, max-snippet:-1, max-image-preview:large, max-video-preview:-1" />
<link rel="canonical" href="https://www.allgeier.com/de/pressroom/press-releases/gfu-und-allgeier-legen-gemeinsame-basis/" />
<meta property="og:locale" content="de_DE" />
<meta property="og:type" content="article" />
<meta property="og:title" content="GFU und Allgeier legen gemeinsame Basis - Allgeier SE" />
<meta property="og:description" content="Die Gründer der GFU Kiefer &amp; Partner GmbH &amp; Co KG, Pullach i. Isartal, Annemarie und Helmut Kiefer haben sich nach 25 Jahren erfolgreicher Entwicklung der GFU dazu entschieden, aus der Geschäftsführung auszuscheiden und der Gesellschaft eine neue Basis für die weitere Entwicklung zu schaffen. Nach einigen" />
<meta property="og:url" content="https://www.allgeier.com/de/pressroom/press-releases/gfu-und-allgeier-legen-gemeinsame-basis/" />
<meta property="og:site_name" content="Allgeier SE" />
<meta property="article:modified_time" content="2025-02-05T18:36:53+00:00" />
<meta name="twitter:card" content="summary_large_image" />
<meta name="twitter:label1" content="Geschätzte Lesezeit" />
	<meta name="twitter:data1" content="3 Minuten" />
<script type="application/ld+json" class="yoast-schema-graph">{"@context":"https:\/\/schema.org","@graph":[{"@type":"WebPage","@id":"https:\/\/www.allgeier.com\/de\/pressroom\/press-releases\/gfu-und-allgeier-legen-gemeinsame-basis\/","url":"https:\/\/www.allgeier.com\/de\/pressroom\/press-releases\/gfu-und-allgeier-legen-gemeinsame-basis\/","name":"GFU und Allgeier legen gemeinsame Basis - Allgeier SE","isPartOf":{"@id":"https:\/\/www.allgeier.com\/de\/#website"},"datePublished":"2004-05-28T07:00:00+00:00","dateModified":"2025-02-05T18:36:53+00:00","breadcrumb":{"@id":"https:\/\/www.allgeier.com\/de\/pressroom\/press-releases\/gfu-und-allgeier-legen-gemeinsame-basis\/#breadcrumb"},"inLanguage":"de","potentialAction":[{"@type":"ReadAction","target":["https:\/\/www.allgeier.com\/de\/pressroom\/press-releases\/gfu-und-allgeier-legen-gemeinsame-basis\/"]}]},{"@type":"BreadcrumbList","@id":"https:\/\/www.allgeier.com\/de\/pressroom\/press-releases\/gfu-und-allgeier-legen-gemeinsame-basis\/#breadcrumb","itemListElement":[{"@type":"ListItem","position":1,"name":"Home","item":"https:\/\/www.allgeier.com\/de\/"},{"@type":"ListItem","position":2,"name":"Presse","item":"https:\/\/www.allgeier.com\/de\/pressroom\/"},{"@type":"ListItem","position":3,"name":"Pressemitteilungen","item":"https:\/\/www.allgeier.com\/de\/pressroom\/press-releases\/"},{"@type":"ListItem","position":4,"name":"GFU und Allgeier legen gemeinsame Basis"}]},{"@type":"WebSite","@id":"https:\/\/www.allgeier.com\/de\/#website","url":"https:\/\/www.allgeier.com\/de\/","name":"Allgeier SE","description":"Software &amp; IT Services for digital transformation","potentialAction":[{"@type":"SearchAction","target":{"@type":"EntryPoint","urlTemplate":"https:\/\/www.allgeier.com\/de\/?s={search_term_string}"},"query-input":{"@type":"PropertyValueSpecification","valueRequired":true,"valueName":"search_term_string"}}],"inLanguage":"de"}]}</script>
<!-- / Yoast SEO plugin. -->

Die Gründer der GFU Kiefer & Partner GmbH & Co KG, Pullach i. Isartal, Annemarie und Helmut Kiefer haben sich nach 25 Jahren erfolgreicher Entwicklung der GFU dazu entschieden, aus der Geschäftsführung auszuscheiden und der Gesellschaft eine neue Basis für die weitere Entwicklung zu schaffen. Nach einigen
